{"id":13,"date":"2025-07-24T10:26:06","date_gmt":"2025-07-24T08:26:06","guid":{"rendered":"https:\/\/wroclaw.wordcamp.org\/2025\/?page_id=13"},"modified":"2025-11-15T10:07:38","modified_gmt":"2025-11-15T09:07:38","slug":"kup-bilet","status":"publish","type":"page","link":"https:\/\/wroclaw.wordcamp.org\/2025\/kup-bilet\/","title":{"rendered":"Kup bilet"},"content":{"rendered":"\n<div class=\"wp-block-group alignfull has-background has-global-padding is-layout-constrained wp-block-group-is-layout-constrained\" style=\"border-bottom-left-radius:60px;background-color:#f2ebe1;margin-top:0;margin-bottom:0;padding-top:var(--wp--preset--spacing--30);padding-bottom:var(--wp--preset--spacing--30)\">\n<div class=\"wp-block-columns alignwide is-layout-flex wp-container-core-columns-is-layout-25a1e0ef wp-block-columns-is-layout-flex\">\n<div class=\"wp-block-column is-vertically-aligned-center is-layout-flow wp-container-core-column-is-layout-33d6b272 wp-block-column-is-layout-flow\" style=\"padding-top:0px;padding-bottom:0px\">\n<h1 class=\"wp-block-heading\" style=\"font-size:clamp(2.266rem, 2.266rem + ((1vw - 0.2rem) * 2.955), 4.15rem);\">Kup bilet<\/h1>\n<\/div>\n\n\n\n<div class=\"wp-block-column is-vertically-aligned-center wp-position-relative is-layout-flow wp-block-column-is-layout-flow\" style=\"flex-basis:40%\">\n<div id=\"register\" class=\"wp-block-group has-base-background-color has-background has-small-font-size has-global-padding is-layout-constrained wp-container-core-group-is-layout-dcbc62c4 wp-block-group-is-layout-constrained\" style=\"border-top-left-radius:24px;border-top-right-radius:24px;border-bottom-left-radius:24px;border-bottom-right-radius:0px;margin-top:var(--wp--preset--spacing--30);margin-bottom:var(--wp--preset--spacing--30);padding-top:var(--wp--preset--spacing--30);padding-right:var(--wp--preset--spacing--30);padding-bottom:var(--wp--preset--spacing--30);padding-left:var(--wp--preset--spacing--30)\">\n<p class=\"has-text-align-center has-contrast-color has-text-color has-link-color wp-elements-f0a9d0a06971cffcd20edfab9454af9c wp-block-paragraph\">DO\u0141\u0104CZ DO SPO\u0141ECZNO\u015aCI WORDPRESSA<\/p>\n\n\n\n<h2 class=\"wp-block-heading has-text-align-center has-large-font-size\">Za\u0142\u00f3\u017c konto na WordPress.org<\/h2>\n\n\n\n<ul class=\"wp-block-list is-style-checkmark-list\">\n<li>Umo\u017cliwia zakup bilet\u00f3w na <strong>wszystkie WordCampy w Polsce<\/strong><\/li>\n<\/ul>\n\n\n\n<div class=\"wp-block-buttons is-content-justification-center is-layout-flex wp-container-core-buttons-is-layout-35f06ea7 wp-block-buttons-is-layout-flex\">\n<div class=\"wp-block-button is-style-outline is-style-outline--1\"><a class=\"wp-block-button__link wp-element-button\" href=\"https:\/\/login.wordpress.org\/?from=wroclaw.wordcamp.org&amp;redirect_to=https%3A%2F%2Fwroclaw.wordcamp.org%2F2025%2Fkup-bilet%2F&amp;locale=pl_PL&amp;wcname=WordCamp+Wroc\u0142aw+2025\"><strong>Zaloguj si\u0119<\/strong><\/a><\/div>\n\n\n\n<div class=\"wp-block-button\"><a class=\"wp-block-button__link wp-element-button\" href=\"https:\/\/login.wordpress.org\/register?locale=pl_PL&amp;redirect_to=https%3A%2F%2Flogin.wordpress.org%2F%3Ffrom%3Dwroclaw.wordcamp.org%26redirect_to%3Dhttps%253A%252F%252Fwroclaw.wordcamp.org%252F2025%252Fkup-bilet%252F%26locale%3Dpl_PL\"><strong>Zarejestruj si\u0119<\/strong><\/a><\/div>\n<\/div>\n<\/div>\n<\/div>\n<\/div>\n<\/div>\n\n\n\n<div class=\"wp-block-group alignwide has-global-padding is-layout-constrained wp-block-group-is-layout-constrained\" id=\"kup-bilet\"><a href=\"https:\/\/wroclaw.wordcamp.org\/2025\/kup-bilet\/\">Aby kupi\u0107 lub zarz\u0105dza\u0107 biletami, otw\u00f3rz t\u0119 stron\u0119 w przegl\u0105darce.<\/a>\n\n\n\n<div id=\"register\" class=\"wp-block-group has-global-padding is-layout-constrained wp-block-group-is-layout-constrained\">\n<h2 class=\"wp-block-heading has-text-align-center has-accent-4-color has-text-color has-link-color wp-elements-ab73abb31532c3176297b29352886280\"><a href=\"https:\/\/login.wordpress.org\/?from=wroclaw.wordcamp.org&amp;redirect_to=https%3A%2F%2Fwroclaw.wordcamp.org%2F2025%2Fkup-bilet%2F&amp;locale=pl_PL&amp;wcname=WordCamp+Wroc\u0142aw+2025\">Zaloguj si\u0119<\/a> lub <a href=\"https:\/\/login.wordpress.org\/register?from=wroclaw.wordcamp.org&amp;redirect_to=https%3A%2F%2Fwroclaw.wordcamp.org%2F2025%2Fkup-bilet%2F&amp;locale=pl_PL&amp;wcname=WordCamp+Wroc%C5%82aw+2025\">zarejestruj si\u0119<\/a> na WordPress.org, aby zakupi\u0107 bilet<\/h2>\n<\/div>\n<\/div>\n\n\n\n<ul class=\"wp-block-list is-style-checkmark-list hidden has-medium-font-size\">\n<li><\/li>\n<\/ul>\n\n\n\n<div style=\"height:100px\" aria-hidden=\"true\" class=\"wp-block-spacer\"><\/div>\n","protected":false},"excerpt":{"rendered":"<p>Kup bilet DO\u0141\u0104CZ DO SPO\u0141ECZNO\u015aCI WORDPRESSA Za\u0142\u00f3\u017c konto na WordPress.org Zaloguj si\u0119 lub zarejestruj si\u0119 na WordPress.org, aby zakupi\u0107 bilet<\/p>\n","protected":false},"author":20524254,"featured_media":0,"parent":0,"menu_order":0,"comment_status":"closed","ping_status":"closed","template":"page-no-title","meta":{"_crdt_document":"","advanced_seo_description":"","jetpack_seo_html_title":"","jetpack_seo_noindex":false,"jetpack_post_was_ever_published":false,"footnotes":""},"class_list":["post-13","page","type-page","status-publish","hentry"],"jetpack_sharing_enabled":true,"_links":{"self":[{"href":"https:\/\/wroclaw.wordcamp.org\/2025\/wp-json\/wp\/v2\/pages\/13","targetHints":{"allow":["GET"]}}],"collection":[{"href":"https:\/\/wroclaw.wordcamp.org\/2025\/wp-json\/wp\/v2\/pages"}],"about":[{"href":"https:\/\/wroclaw.wordcamp.org\/2025\/wp-json\/wp\/v2\/types\/page"}],"author":[{"embeddable":true,"href":"https:\/\/wroclaw.wordcamp.org\/2025\/wp-json\/wp\/v2\/users\/20524254"}],"replies":[{"embeddable":true,"href":"https:\/\/wroclaw.wordcamp.org\/2025\/wp-json\/wp\/v2\/comments?post=13"}],"version-history":[{"count":46,"href":"https:\/\/wroclaw.wordcamp.org\/2025\/wp-json\/wp\/v2\/pages\/13\/revisions"}],"predecessor-version":[{"id":1499,"href":"https:\/\/wroclaw.wordcamp.org\/2025\/wp-json\/wp\/v2\/pages\/13\/revisions\/1499"}],"wp:attachment":[{"href":"https:\/\/wroclaw.wordcamp.org\/2025\/wp-json\/wp\/v2\/media?parent=13"}],"curies":[{"name":"wp","href":"https:\/\/api.w.org\/{rel}","templated":true}]}}