{"id":453647,"date":"2013-11-08T09:26:37","date_gmt":"2013-11-08T09:26:37","guid":{"rendered":"https:\/\/2013.wroclaw.wordcamp.org\/?page_id=453647"},"modified":"2013-12-12T21:55:18","modified_gmt":"2013-12-12T21:55:18","slug":"faq","status":"publish","type":"page","link":"https:\/\/wroclaw.wordcamp.org\/2013\/konkurs\/faq\/","title":{"rendered":"FAQ"},"content":{"rendered":"<div class=\"page-index\">\n<h2>Spis tre\u015bci<\/h2>\n<ul>\n<li><a href=\"https:\/\/2013.wroclaw.wordcamp.org\/konkurs#przedmiot\">Przedmiot konkursu<\/a><\/li>\n<li><a href=\"https:\/\/2013.wroclaw.wordcamp.org\/konkurs#motyw\">Motyw przewodni<\/a>\n<ul>\n<li><a href=\"https:\/\/2013.wroclaw.wordcamp.org\/konkurs\/przyklady\">Przyk\u0142ady<\/a><\/li>\n<\/ul>\n<\/li>\n<li><a href=\"https:\/\/2013.wroclaw.wordcamp.org\/konkurs#wymagania\">Wymagania og\u00f3lne<\/a>\n<ul>\n<li><a href=\"https:\/\/2013.wroclaw.wordcamp.org\/konkurs\/zgloszenia\">Zg\u0142oszenia<\/a><\/li>\n<li><a href=\"https:\/\/2013.wroclaw.wordcamp.org\/konkurs\/faq\">FAQ<\/a><\/li>\n<li><a href=\"https:\/\/2013.wroclaw.wordcamp.org\/konkurs\/regulamin\">Regulamin<\/a><\/li>\n<\/ul>\n<\/li>\n<li><a href=\"https:\/\/2013.wroclaw.wordcamp.org\/konkurs#terminy\">Terminy<\/a><\/li>\n<li><a href=\"https:\/\/2013.wroclaw.wordcamp.org\/konkurs#kryteria\">Co b\u0119dzie oceniane<\/a><\/li>\n<li><a href=\"https:\/\/2013.wroclaw.wordcamp.org\/konkurs#nagrody\">Nagrody<\/a><\/li>\n<\/ul>\n<\/div>\n<p>Najcz\u0119\u015bciej zadawane pytania dotycz\u0105ce konkursu.<\/p>\n<h2>1. Czy ja musz\u0119 by\u0107 autorem motywu, na kt\u00f3rym bazuje strona?<\/h2>\n<p><strong>Odpowied\u017a:<\/strong> Nie. Witryna mo\u017ce by\u0107 oparta o dowolny motyw WordPressa: darmowy, p\u0142atny lub w\u0142asny. Uczestnik natomiast musi by\u0107 w\u0142a\u015bcicielem lub wsp\u00f3\u0142w\u0142a\u015bcicielem zg\u0142aszanej witryny.<\/p>\n<h2>2. Nic nie wiem o ca\u0142ej tej chmurze, ale chcia\u0142bym wzi\u0105\u0107 udzia\u0142 w konkursie. Gdzie mog\u0119 dowiedzie\u0107 si\u0119 czego\u015b wi\u0119cej?<\/h2>\n<p><strong>Odpowied\u017a:<\/strong> Mo\u017cesz przeczyta\u0107:<\/p>\n<ul>\n<li><a href=\"http:\/\/www.windowsazure.com\/pl-pl\/\">Windows Azure<\/a><\/li>\n<li><a href=\"http:\/\/wordpress.brandoo.pl\/\">Brandoo WordPress<\/a><\/li>\n<li><a href=\"http:\/\/wpsamurai.pl\/wordpress-w-chmurze-microsoftu-czy-ma-sens\/\">Jak za\u0142o\u017cy\u0107 konto w chmurze &#8211; tutorial<\/a><\/li>\n<\/ul>\n<p><strong>Odpowied\u017a:<\/strong> Mo\u017cesz obejrze\u0107:<\/p>\n<ul>\n<li><a href=\"https:\/\/www.youtube.com\/watch?v=iYeo5948JP0\">Wyst\u0105pienie Micha\u0142a Smereczy\u0144skiego pt. WordPress in da cloude<\/a><\/li>\n<li><a href=\"https:\/\/www.youtube.com\/watch?v=U7i6Te8N7_w\">Wyst\u0105pienie Ryszarda Da\u0142kowskiego pt. WordPress w chmurze Microsoftu<\/a><\/li>\n<\/ul>\n<h2>3. Czy moja strona b\u0119dzie musia\u0142a zosta\u0107 w chmurze na zawsze?<\/h2>\n<p><strong>Odpowied\u017a:<\/strong> Nie. Witryna powinna istnie\u0107 w chmurze Windows Azure Web Sites tylko na czas trwania konkursu. Po zako\u0144czeniu konkursu mo\u017ce by\u0107 nadal utrzymywana lub b\u0119dzie mo\u017cna j\u0105 w dowolnym momencie usun\u0105\u0107.<\/p>\n<h2>4. Chcia\u0142bym wzi\u0105\u0107 udzia\u0142 w konkursie, ale boj\u0119 si\u0119, \u017ce sobie nie poradz\u0119 z przeniesieniem witryny w chmur\u0119. Czy mog\u0119 liczy\u0107 na czyj\u0105\u015b pomoc?<\/h2>\n<p><strong>Odpowied\u017a:<\/strong>Za\u0142o\u017cenie nowej witryny w chmurze Windows Azure jest proste i intuicyjne, wi\u0119c spokojnie. Poza tym wszystkie subskrypcje s\u0105 obj\u0119te standardowym wsparciem technicznym Microsoft (nawet te bezp\u0142atne). Jednak bez podstawowej znajomo\u015bci WordPressa b\u0119dzie si\u0119 nie obejdzie.<\/p>\n<h2>5. Czy mog\u0119 zrealizowa\u0107 swoj\u0105 stron\u0119 za pomoc\u0105 gotowych wtyczek do WordPressa?<\/h2>\n<p><strong>Odpowied\u017a:<\/strong> Oczywi\u015bcie. Mo\u017cesz u\u017cy\u0107 dowolnej wtyczki (wtyczek). Mo\u017cesz te\u017c napisa\u0107 cz\u0119\u015b\u0107 funkcjonalno\u015bci sam. Nie oceniamy technik programistycznych, lecz efekt ko\u0144cowy. To, w jaki spos\u00f3b go uzyskasz, zale\u017cy tylko od Ciebie.<\/p>\n<h2 id=\"wordpress-brandoo\">6. Czym si\u0119 r\u00f3\u017cni uruchomienie wersji WordPress od Brandoo WordPress?<\/h2>\n<p>Wybieraj\u0105c standardow\u0105 wersj\u0119 WordPressa <a href=\"http:\/\/www.microsoft.com\/web\/gallery\/wordpress.aspx\">z galerii Windows Azure<\/a>, b\u0119dziemy mogli korzysta\u0107 z bazy MySQL. <a href=\"http:\/\/www.microsoft.com\/web\/gallery\/brandoowordpressmssql.aspx\">Brandoo WordPress<\/a> jest natomiast specjalnie przygotowan\u0105 przez <a href=\"http:\/\/wordpress.brandoo.pl\/\">Grup\u0119 Brandoo wersj\u0105<\/a>, kt\u00f3ra dzia\u0142a z bazami MS SQL, daj\u0105c tym samym mo\u017cliwo\u015b\u0107 korzystania z natywnej obs\u0142ugi baz MS SQL w ramach chmury.<\/p>\n<p>O Brandoo WordPress opowiada\u0142 Micha\u0142 Smereczy\u0144ski <a href=\"http:\/\/brandoo.blob.core.windows.net\/wordcamp\/brandoo_wordpress_wordcamp.pdf\">w prezentacji<\/a> podczas WordCamp Wroc\u0142aw, kt\u00f3r\u0105 mo\u017cemy obejrze\u0107 r\u00f3wnie\u017c w formie <a href=\"https:\/\/www.youtube.com\/watch?v=iYeo5948JP0\">nagrania na youtube<\/a>.<\/p>\n<h2>Twoje pytanie<\/h2>\n<p>Nie znalaz\u0142e\u015b odpowiedzi na w\u0142asne pytanie? Zadaj je za pomoc\u0105 formularza:<\/p>\n<div data-test='contact-form'\n\t\t\tid='contact-form-453647'\n\t\t\tclass='jetpack-contact-form-container '\n\t\t\tdata-wp-interactive='jetpack\/form' data-wp-context='{\"formId\":\"453647\",\"formHash\":\"4371dc2d81e4b7583302d1950955ccb83437b11e\",\"showErrors\":false,\"errors\":[],\"fields\":[],\"isMultiStep\":false,\"useAjax\":true,\"submissionData\":null,\"formattedSubmissionData\":[],\"submissionSuccess\":false,\"submissionError\":null,\"elementId\":\"jp-form-4371dc2d81e4b7583302d1950955ccb83437b11e\",\"isSingleInputForm\":false,\"isForcedHorizontal\":false}'\n\t\t\tdata-wp-watch--scroll-to-wrapper=\"callbacks.scrollToWrapper\"\n\t\t>\n<div class=\"contact-form-submission contact-form-ajax-submission\" data-wp-bind--aria-hidden=\"state.isSuccessMessageAriaHidden\" data-wp-class--submission-success=\"context.submissionSuccess\" id=\"contact-form-success-4371dc2d81e4b7583302d1950955ccb83437b11e\" tabindex=\"-1\" aria-labelledby=\"contact-form-success-header-4371dc2d81e4b7583302d1950955ccb83437b11e\"><p class=\"go-back-message\"><a class=\"link\" role=\"button\" tabindex=\"0\" data-wp-on--click=\"actions.goBack\" href=\"\/2013\/wp-json\/wp\/v2\/pages\/453647\">\u2190 Back<\/a><\/p><h4 data-wp-bind--aria-hidden=\"state.isSuccessMessageAriaHidden\" id=\"contact-form-success-header-4371dc2d81e4b7583302d1950955ccb83437b11e\">Your message has been sent<\/h4>\n\n<template data-wp-each--submission=\"context.formattedSubmissionData\">\n\t\t\t\t\t<div class=\"jetpack_forms_contact-form-success-summary\">\n\t\t\t\t\t\t<div class=\"field-name-wrapper\">\n\t\t\t\t\t\t\t<div class=\"field-type-icon\" data-wp-watch=\"callbacks.watchFieldTypeIcon\"><\/div>\n\t\t\t\t\t\t\t<div class=\"field-name\" data-wp-text=\"context.submission.label\" data-wp-bind--hidden=\"!context.submission.label\"><\/div>\n\t\t\t\t\t\t<\/div>\n\t\t\t\t\t\t<div class=\"field-value\" data-wp-text=\"context.submission.value\" data-wp-bind--hidden=\"!context.submission.showPlainValue\"><\/div>\n\t\t\t\t\t\t<a class=\"field-url\" data-wp-bind--href=\"context.submission.url\" data-wp-text=\"context.submission.value\" data-wp-bind--hidden=\"!context.submission.url\" target=\"_blank\" rel=\"noopener noreferrer\"><\/a>\n\t\t\t\t\t\t<div class=\"field-rating\" data-wp-bind--hidden=\"!context.submission.rating\" data-wp-watch=\"callbacks.watchRatingIcons\"><\/div>\n\t\t\t\t\t\t<div class=\"field-images\" data-wp-bind--hidden=\"!context.submission.images\">\n\t\t\t\t\t\t\t<template data-wp-each--image=\"context.submission.images\">\n\t\t\t\t\t\t\t\t<div class=\"field-image-option\" data-wp-class--is-empty=\"!context.image.src\">\n\t\t\t\t\t\t\t\t\t<figure class=\"field-image-option__image\" data-wp-class--is-empty=\"!context.image.src\">\n\t\t\t\t\t\t\t\t\t\t<img data-wp-bind--src=\"context.image.src\" data-wp-bind--hidden=\"!context.image.src\" \/>\n\t\t\t\t\t\t\t\t\t\t<img decoding=\"async\" src=\"data:image\/gif;base64,R0lGODlhAQABAAD\/ACwAAAAAAQABAAACADs=\" data-wp-bind--hidden=\"context.image.src\" \/>\n\t\t\t\t\t\t\t\t\t<\/figure>\n\t\t\t\t\t\t\t\t\t<div class=\"field-image-option__label-wrapper\">\n\t\t\t\t\t\t\t\t\t\t<span class=\"field-image-option__label-code\" data-wp-text=\"context.image.letterCode\"><\/span>\n\t\t\t\t\t\t\t\t\t\t<span class=\"field-image-option__label\" data-wp-text=\"context.image.label\" data-wp-bind--hidden=\"!context.image.label\"><\/span>\n\t\t\t\t\t\t\t\t\t<\/div>\n\t\t\t\t\t\t\t\t<\/div>\n\t\t\t\t\t\t\t<\/template>\n\t\t\t\t\t\t<\/div>\n\t\t\t\t\t\t<div class=\"field-files\" data-wp-bind--hidden=\"!context.submission.files\">\n\t\t\t\t\t\t\t<template data-wp-each--file=\"context.submission.files\">\n\t\t\t\t\t\t\t\t<div class=\"field-file\">\n\t\t\t\t\t\t\t\t\t<div class=\"field-file__thumbnail\" data-wp-style--background-image=\"context.file.previewUrl\" data-wp-style--mask-image=\"context.file.iconUrl\" data-wp-bind--hidden=\"!context.file.hasPreview\"><\/div>\n\t\t\t\t\t\t\t\t\t<svg class=\"field-file__icon\" data-wp-bind--hidden=\"context.file.hasPreview\" width=\"20\" height=\"20\" viewBox=\"0 0 24 24\" fill=\"none\" xmlns=\"http:\/\/www.w3.org\/2000\/svg\" aria-hidden=\"true\">\n\t\t\t\t\t\t\t\t\t\t<path d=\"M14 2H6C4.9 2 4 2.9 4 4V20C4 21.1 4.89 22 5.99 22H18C19.1 22 20 21.1 20 20V8L14 2ZM18 20H6V4H13V9H18V20Z\" fill=\"currentColor\"\/>\n\t\t\t\t\t\t\t\t\t<\/svg>\n\t\t\t\t\t\t\t\t\t<span class=\"field-file__name\" data-wp-text=\"context.file.name\"><\/span>\n\t\t\t\t\t\t\t\t\t<span class=\"field-file__size\" data-wp-text=\"context.file.size\"><\/span>\n\t\t\t\t\t\t\t\t<\/div>\n\t\t\t\t\t\t\t<\/template>\n\t\t\t\t\t\t<\/div>\n\t\t\t\t\t<\/div>\n\t\t\t\t<\/template><\/div><form action='https:\/\/wroclaw.wordcamp.org\/2013\/konkurs\/faq\/'\n\t\t\t\tid='jp-form-4371dc2d81e4b7583302d1950955ccb83437b11e'\n\t\t\t\tmethod='post'\n\t\t\t\tclass='contact-form commentsblock jetpack-contact-form__form has-no-jetpack-form-layout' aria-label=\"FAQ\"\n\t\t\t\tdata-wp-on--submit=\"actions.onFormSubmit\"\n\t\t\t\tdata-wp-on--reset=\"actions.onFormReset\"\n\t\t\t\tdata-wp-class--submission-success=\"context.submissionSuccess\"\n\t\t\t\tdata-wp-class--is-first-step=\"state.isFirstStep\"\n\t\t\t\tdata-wp-class--is-last-step=\"state.isLastStep\"\n\t\t\t\tdata-wp-class--is-ajax-form=\"context.useAjax\"\n\t\t\t\tnovalidate >\n<input type='hidden' name='jetpack_contact_form_jwt' value='eyJ0eXAiOiJKV1QiLCJhbGciOiJIUzI1NiJ9.eyJlbmNyeXB0ZWRfYXR0cmlidXRlcyI6InBmY2xIb0JXRVkwK0l6V1F0N3B6bGNjTCswWW9EQUtodGNhM2ZsSlVQejRFeDVyMEx5M245VWdaOEh1b1B4YnpQTmhILy9kV1FFTGZ1NEFJbCs4OFJUMjZZUlZQajE4Y3MxcnR1M1pSaXRXam15UDNjMnJkemFMaTNvakMxU0NFTklrbHc1UFpSTmN1ejVKTGxET1o4VkcwZTQxSzVNLzlLWVlQTS9IdlJMS1poRjJ1TzgzMklpZXVlS0FjbzUvYzI5Ky8wYXkrYWk3MHdIN1htNnBYdHNvM1BtSmxUM2F3b01ES01rQnBKMzM2bmo5UEt0dElXaGY0VytIa01yK0RSUFpVaWVrUmU2L0lXZFhXc1VHNy9VNk0rNUdlOVFVZjBDTVdUMThsWDVVaEhCWjdIUEtKakhHSjJDM2s0ckwwSTh1Mnc4dWtjaEg1dGJJb1cvL1NGU0JxeEN4STJjZTBnU3ltVVlkSVc4clY0QU8vRjNyM3BCM3J5UW5QcGo4Y0h5RlU1M1J4bU1wMm9WSzFzaGwydWhSdjNXNVA4WjVkWTROT1dielJMR0U4RVRRMUF4VG5SVGRqTERJTmlTcFVVT01BdUdUNm0yK2ZLdERoVU1VQTYxYTdEUUhNVi9XbHVFWEFDNmpIK3BrdmdYRmNPVEduZmhBUEJSZC84MmNteFZsQjJDTUd5QndIaDQzZlpOdm5QcmFmbXNNQXFQV0dEYmZJUHdQRTdTekRrV0lvTW90VHFVdXk1ajBXWTIyRFdGT3JYa2VLMjB5dXI3bldUMEJDQ2F6RUZDUStGWVBQVGljNWk3UExodDlrd0JmTnZUY20wTXovMWZUL2pSMWlGVURTRVJRRUJNR2Vjem1sKzdpZnVMbWNGMjRkbmNFK0M4WUF2alpNY2tvWnpYRFdBd2Z5RmJyN3AyQWdGWmk3R29nWEFZcitMTVlQaXlReU1mVW0vZThneDF3WGtwOTVTUCtpOVpZTmJLSE1uZEFUdEQzek9ma3VPK3dxcGJMczRrUk84eVFwZldsOGQ3OTh1Y0lCZ0RNdTg2QXZHTzlnSVhjRkEzczIveVNROTN3RVNnSVZsM3gxemxGSFVMVHE2R3R6V2NVM0JMUTJKa0wvbHBzMjU3Mk1zajR5TStPT1UwQW55SmNNZDZ2QlVsRkYrR2xyaFgwb0dSeUkyZXBNbExMem5VaDBZSFVrSG12V3ZYR01KZm92cjFWS29jSFZUMU5pQUNsNiIsImNvbnRlbnQiOiJbY29udGFjdC1maWVsZCBsYWJlbD0nTmFtZScgdHlwZT0nbmFtZScgcmVxdWlyZWQ9JzEnL11bY29udGFjdC1maWVsZCBsYWJlbD0nRW1haWwnIHR5cGU9J2VtYWlsJyByZXF1aXJlZD0nMScvXVtjb250YWN0LWZpZWxkIGxhYmVsPSdDb21tZW50JyB0eXBlPSd0ZXh0YXJlYScgcmVxdWlyZWQ9JzEnL10iLCJoYXNoIjoiNDM3MWRjMmQ4MWU0Yjc1ODMzMDJkMTk1MDk1NWNjYjgzNDM3YjExZSIsInNvdXJjZSI6eyJlbnRyeV90aXRsZSI6IkZBUSIsImVudHJ5X3BhZ2UiOjEsInNvdXJjZV9pZCI6NDUzNjQ3LCJzb3VyY2VfdHlwZSI6InNpbmdsZSIsInJlcXVlc3RfdXJsIjoiaHR0cHM6Ly93cm9jbGF3LndvcmRjYW1wLm9yZy8yMDEzL3dwLWpzb24vd3AvdjIvcGFnZXMvNDUzNjQ3In0sInZlcnNpb24iOjIsImNpcGhlciI6ImFlcy0yNTYtZ2NtIn0.WXaV91KYMJid_D5U2OgwsC6q5P9LXDSkL9kDPXqGRHw' \/>\n\n<div style=\"\"  data-wp-interactive=\"jetpack\/form\" data-wp-context='{\"fieldId\":\"g453647-name\",\"fieldType\":\"name\",\"fieldLabel\":\"Name\",\"fieldValue\":\"\",\"fieldPlaceholder\":\"\",\"fieldIsRequired\":\"1\",\"fieldErrorMessage\":\"\",\"fieldExtra\":[],\"formHash\":\"4371dc2d81e4b7583302d1950955ccb83437b11e\"}'  class='grunion-field-name-wrap grunion-field-wrap'  data-wp-init='callbacks.initializeField' data-wp-on--jetpack-form-reset='callbacks.initializeField' >\n<label\n\t\t\t\tfor='g453647-name' class=\"grunion-field-label name\" >Name<span class=\"grunion-label-required\" aria-hidden=\"true\">(required)<\/span><\/label>\n<input\n\t\t\t\t\ttype='text'\n\t\t\t\t\tname='g453647-name'\n\t\t\t\t\tid='g453647-name'\n\t\t\t\t\tvalue=''\n\n\t\t\t\t\tdata-wp-bind--aria-invalid='state.fieldAriaInvalid'\n\t\t\t\t\tdata-wp-bind--value='state.getFieldValue'\n\t\t\t\t\taria-describedby='g453647-name-text-error-message'\n\t\t\t\t\tdata-wp-on--input='actions.onFieldChange'\n\t\t\t\t\tdata-wp-on--blur='actions.onFieldBlur'\n\t\t\t\t\tdata-wp-class--has-value='state.hasFieldValue'\n\n\t\t\t\t\tclass='name  grunion-field' \n\t\t\t\t\trequired='true' aria-required='true'  \/>\n \n\t\t\t<div id=\"g453647-name-text-error\" class=\"contact-form__input-error\" data-wp-class--has-errors=\"state.fieldHasErrors\">\n\t\t\t\t<span class=\"contact-form__warning-icon\" aria-hidden=\"true\">\n\t\t\t\t\t<svg width=\"16\" height=\"16\" viewBox=\"0 0 16 16\" fill=\"none\" xmlns=\"http:\/\/www.w3.org\/2000\/svg\">\n\t\t\t\t\t\t<path d=\"M8.50015 11.6402H7.50015V10.6402H8.50015V11.6402Z\" \/>\n\t\t\t\t\t\t<path d=\"M7.50015 9.64018H8.50015V6.30684H7.50015V9.64018Z\" \/>\n\t\t\t\t\t\t<path fill-rule=\"evenodd\" clip-rule=\"evenodd\" d=\"M6.98331 3.0947C7.42933 2.30177 8.57096 2.30177 9.01698 3.09469L13.8771 11.7349C14.3145 12.5126 13.7525 13.4735 12.8602 13.4735H3.14004C2.24774 13.4735 1.68575 12.5126 2.12321 11.7349L6.98331 3.0947ZM8.14541 3.58496C8.08169 3.47168 7.9186 3.47168 7.85488 3.58496L2.99478 12.2251C2.93229 12.3362 3.01257 12.4735 3.14004 12.4735H12.8602C12.9877 12.4735 13.068 12.3362 13.0055 12.2251L8.14541 3.58496Z\" \/>\n\t\t\t\t\t<\/svg>\n\t\t\t\t<\/span>\n\t\t\t\t<span data-wp-text=\"state.errorMessage\" id=\"g453647-name-text-error-message\"><\/span>\n\t\t\t<\/div> \n\t<\/div>\n\n<div style=\"\"  data-wp-interactive=\"jetpack\/form\" data-wp-context='{\"fieldId\":\"g453647-email\",\"fieldType\":\"email\",\"fieldLabel\":\"Email\",\"fieldValue\":\"\",\"fieldPlaceholder\":\"\",\"fieldIsRequired\":\"1\",\"fieldErrorMessage\":\"\",\"fieldExtra\":[],\"formHash\":\"4371dc2d81e4b7583302d1950955ccb83437b11e\"}'  class='grunion-field-email-wrap grunion-field-wrap'  data-wp-init='callbacks.initializeField' data-wp-on--jetpack-form-reset='callbacks.initializeField' >\n<label\n\t\t\t\tfor='g453647-email' class=\"grunion-field-label email\" >Email<span class=\"grunion-label-required\" aria-hidden=\"true\">(required)<\/span><\/label>\n<input\n\t\t\t\t\ttype='email'\n\t\t\t\t\tname='g453647-email'\n\t\t\t\t\tid='g453647-email'\n\t\t\t\t\tvalue=''\n\n\t\t\t\t\tdata-wp-bind--aria-invalid='state.fieldAriaInvalid'\n\t\t\t\t\tdata-wp-bind--value='state.getFieldValue'\n\t\t\t\t\taria-describedby='g453647-email-email-error-message'\n\t\t\t\t\tdata-wp-on--input='actions.onFieldChange'\n\t\t\t\t\tdata-wp-on--blur='actions.onFieldBlur'\n\t\t\t\t\tdata-wp-class--has-value='state.hasFieldValue'\n\n\t\t\t\t\tclass='email  grunion-field' \n\t\t\t\t\trequired='true' aria-required='true'  \/>\n \n\t\t\t<div id=\"g453647-email-email-error\" class=\"contact-form__input-error\" data-wp-class--has-errors=\"state.fieldHasErrors\">\n\t\t\t\t<span class=\"contact-form__warning-icon\" aria-hidden=\"true\">\n\t\t\t\t\t<svg width=\"16\" height=\"16\" viewBox=\"0 0 16 16\" fill=\"none\" xmlns=\"http:\/\/www.w3.org\/2000\/svg\">\n\t\t\t\t\t\t<path d=\"M8.50015 11.6402H7.50015V10.6402H8.50015V11.6402Z\" \/>\n\t\t\t\t\t\t<path d=\"M7.50015 9.64018H8.50015V6.30684H7.50015V9.64018Z\" \/>\n\t\t\t\t\t\t<path fill-rule=\"evenodd\" clip-rule=\"evenodd\" d=\"M6.98331 3.0947C7.42933 2.30177 8.57096 2.30177 9.01698 3.09469L13.8771 11.7349C14.3145 12.5126 13.7525 13.4735 12.8602 13.4735H3.14004C2.24774 13.4735 1.68575 12.5126 2.12321 11.7349L6.98331 3.0947ZM8.14541 3.58496C8.08169 3.47168 7.9186 3.47168 7.85488 3.58496L2.99478 12.2251C2.93229 12.3362 3.01257 12.4735 3.14004 12.4735H12.8602C12.9877 12.4735 13.068 12.3362 13.0055 12.2251L8.14541 3.58496Z\" \/>\n\t\t\t\t\t<\/svg>\n\t\t\t\t<\/span>\n\t\t\t\t<span data-wp-text=\"state.errorMessage\" id=\"g453647-email-email-error-message\"><\/span>\n\t\t\t<\/div> \n\t<\/div>\n\n<div style=\"\"  data-wp-interactive=\"jetpack\/form\" data-wp-context='{\"fieldId\":\"g453647-comment\",\"fieldType\":\"textarea\",\"fieldLabel\":\"Comment\",\"fieldValue\":\"\",\"fieldPlaceholder\":\"\",\"fieldIsRequired\":\"1\",\"fieldErrorMessage\":\"\",\"fieldExtra\":[],\"formHash\":\"4371dc2d81e4b7583302d1950955ccb83437b11e\"}'  class='grunion-field-textarea-wrap grunion-field-wrap'  data-wp-init='callbacks.initializeField' data-wp-on--jetpack-form-reset='callbacks.initializeField' >\n<label\n\t\t\t\tfor='contact-form-comment-g453647-comment' class=\"grunion-field-label textarea\" >Comment<span class=\"grunion-label-required\" aria-hidden=\"true\">(required)<\/span><\/label>\n<textarea\n\t\t                style=''\n\t\t                name='g453647-comment'\n\t\t                id='contact-form-comment-g453647-comment'\n\t\t                rows='20'\n\t\t\t\t\t\tdata-wp-text='state.getFieldValue'\n\t\t\t\t\t\tdata-wp-on--input='actions.onFieldChange'\n\t\t\t\t\t\tdata-wp-on--blur='actions.onFieldBlur'\n\t\t\t\t\t\tdata-wp-class--has-value='state.hasFieldValue'\n\t\t\t\t\t\taria-describedby='g453647-comment-textarea-error-message'\n\t\t\t\t\t\tdata-wp-bind--aria-invalid='state.fieldAriaInvalid'\n\t\t\t\t\t\tclass='textarea  grunion-field'  required aria-required='true'><\/textarea>\n \n\t\t\t<div id=\"g453647-comment-textarea-error\" class=\"contact-form__input-error\" data-wp-class--has-errors=\"state.fieldHasErrors\">\n\t\t\t\t<span class=\"contact-form__warning-icon\" aria-hidden=\"true\">\n\t\t\t\t\t<svg width=\"16\" height=\"16\" viewBox=\"0 0 16 16\" fill=\"none\" xmlns=\"http:\/\/www.w3.org\/2000\/svg\">\n\t\t\t\t\t\t<path d=\"M8.50015 11.6402H7.50015V10.6402H8.50015V11.6402Z\" \/>\n\t\t\t\t\t\t<path d=\"M7.50015 9.64018H8.50015V6.30684H7.50015V9.64018Z\" \/>\n\t\t\t\t\t\t<path fill-rule=\"evenodd\" clip-rule=\"evenodd\" d=\"M6.98331 3.0947C7.42933 2.30177 8.57096 2.30177 9.01698 3.09469L13.8771 11.7349C14.3145 12.5126 13.7525 13.4735 12.8602 13.4735H3.14004C2.24774 13.4735 1.68575 12.5126 2.12321 11.7349L6.98331 3.0947ZM8.14541 3.58496C8.08169 3.47168 7.9186 3.47168 7.85488 3.58496L2.99478 12.2251C2.93229 12.3362 3.01257 12.4735 3.14004 12.4735H12.8602C12.9877 12.4735 13.068 12.3362 13.0055 12.2251L8.14541 3.58496Z\" \/>\n\t\t\t\t\t<\/svg>\n\t\t\t\t<\/span>\n\t\t\t\t<span data-wp-text=\"state.errorMessage\" id=\"g453647-comment-textarea-error-message\"><\/span>\n\t\t\t<\/div>\n\t<\/div>\n\t<p class='contact-submit'>\n<div class=\"contact-form__error\" data-wp-class--show-errors=\"state.showFormErrors\"><span class=\"contact-form__warning-icon\" aria-hidden=\"true\"><i><\/i><\/span><span class=\"contact-form__error-message\" tabindex=\"-1\" data-wp-watch=\"callbacks.focusOnValidationError\" data-wp-text=\"state.getFormErrorMessage\"><\/span><ul aria-label=\"Form errors\">\n\t\t\t\t<template data-wp-each=\"state.getErrorList\" data-wp-key=\"context.item.id\">\n\t\t\t\t\t<li><a data-wp-bind--href=\"context.item.anchor\" data-wp-on--click=\"actions.scrollIntoView\" data-wp-text=\"context.item.label\"><\/a><\/li>\n\t\t\t\t<\/template>\n\t\t\t\t<\/ul><\/div><div class=\"contact-form__error\" data-wp-class--show-errors=\"state.showSubmissionError\" data-wp-text=\"context.submissionError\" tabindex=\"-1\" data-wp-watch=\"callbacks.focusOnSubmissionError\"><\/div>\t\t<button type='submit' class='pushbutton-wide'>Submit<\/button>\t\t<input type='hidden' name='contact-form-id' value='453647' \/>\n\t\t<input type='hidden' name='action' value='grunion-contact-form' \/>\n\t\t<input type='hidden' name='contact-form-hash' value='4371dc2d81e4b7583302d1950955ccb83437b11e' \/>\n\t<\/p>\n<p style=\"display: none !important;\" class=\"akismet-fields-container\" data-prefix=\"ak_\"><label>&#916;<textarea name=\"ak_hp_textarea\" cols=\"45\" rows=\"8\" maxlength=\"100\"><\/textarea><\/label><input type=\"hidden\" id=\"ak_js_1\" name=\"ak_js\" value=\"66\"\/><script type=\"text\/javascript\">\n\/* <![CDATA[ *\/\ndocument.getElementById( \"ak_js_1\" ).setAttribute( \"value\", ( new Date() ).getTime() );\n\/* ]]> *\/\n<\/script>\n<\/p><\/form>\n<\/div>\n","protected":false},"excerpt":{"rendered":"<p>Spis tre\u015bci Przedmiot konkursu Motyw przewodni Przyk\u0142ady Wymagania og\u00f3lne Zg\u0142oszenia FAQ Regulamin Terminy Co b\u0119dzie oceniane Nagrody Najcz\u0119\u015bciej zadawane pytania dotycz\u0105ce konkursu. 1. Czy ja musz\u0119 by\u0107 autorem motywu, na kt\u00f3rym bazuje strona? Odpowied\u017a: Nie. Witryna mo\u017ce by\u0107 oparta o &hellip; <a href=\"https:\/\/wroclaw.wordcamp.org\/2013\/konkurs\/faq\/\">Czytaj dalej <span class=\"screen-reader-text\">FAQ<\/span>  <span class=\"meta-nav\">&rarr;<\/span><\/a><\/p>\n","protected":false},"author":7318500,"featured_media":0,"parent":420138,"menu_order":0,"comment_status":"open","ping_status":"open","template":"","meta":{"_crdt_document":"","jetpack_post_was_ever_published":false,"footnotes":""},"class_list":["post-453647","page","type-page","status-publish","hentry"],"jetpack_sharing_enabled":true,"_links":{"self":[{"href":"https:\/\/wroclaw.wordcamp.org\/2013\/wp-json\/wp\/v2\/pages\/453647","targetHints":{"allow":["GET"]}}],"collection":[{"href":"https:\/\/wroclaw.wordcamp.org\/2013\/wp-json\/wp\/v2\/pages"}],"about":[{"href":"https:\/\/wroclaw.wordcamp.org\/2013\/wp-json\/wp\/v2\/types\/page"}],"author":[{"embeddable":true,"href":"https:\/\/wroclaw.wordcamp.org\/2013\/wp-json\/wp\/v2\/users\/7318500"}],"replies":[{"embeddable":true,"href":"https:\/\/wroclaw.wordcamp.org\/2013\/wp-json\/wp\/v2\/comments?post=453647"}],"version-history":[{"count":38,"href":"https:\/\/wroclaw.wordcamp.org\/2013\/wp-json\/wp\/v2\/pages\/453647\/revisions"}],"predecessor-version":[{"id":603910,"href":"https:\/\/wroclaw.wordcamp.org\/2013\/wp-json\/wp\/v2\/pages\/453647\/revisions\/603910"}],"up":[{"embeddable":true,"href":"https:\/\/wroclaw.wordcamp.org\/2013\/wp-json\/wp\/v2\/pages\/420138"}],"wp:attachment":[{"href":"https:\/\/wroclaw.wordcamp.org\/2013\/wp-json\/wp\/v2\/media?parent=453647"}],"curies":[{"name":"wp","href":"https:\/\/api.w.org\/{rel}","templated":true}]}}