{"id":420138,"date":"2013-10-31T10:24:54","date_gmt":"2013-10-31T10:24:54","guid":{"rendered":"https:\/\/2013.wroclaw.wordcamp.org\/?page_id=420138"},"modified":"2013-12-15T19:03:58","modified_gmt":"2013-12-15T19:03:58","slug":"konkurs","status":"publish","type":"page","link":"https:\/\/wroclaw.wordcamp.org\/2013\/konkurs\/","title":{"rendered":"Konkurs z nagrodami"},"content":{"rendered":"<div class=\"page-index\">\n<h2>Spis tre\u015bci<\/h2>\n<ul>\n<li><a href=\"https:\/\/2013.wroclaw.wordcamp.org\/konkurs#przedmiot\">Przedmiot konkursu<\/a><\/li>\n<li><a href=\"https:\/\/2013.wroclaw.wordcamp.org\/konkurs#motyw\">Motyw przewodni<\/a>\n<ul>\n<li><a href=\"https:\/\/2013.wroclaw.wordcamp.org\/konkurs\/przyklady\">Przyk\u0142ady<\/a><\/li>\n<\/ul>\n<\/li>\n<li><a href=\"https:\/\/2013.wroclaw.wordcamp.org\/konkurs#wymagania\">Wymagania og\u00f3lne<\/a>\n<ul>\n<li><a href=\"https:\/\/2013.wroclaw.wordcamp.org\/konkurs\/zgloszenia\">Zg\u0142oszenia<\/a><\/li>\n<li><a href=\"https:\/\/2013.wroclaw.wordcamp.org\/konkurs\/faq\">FAQ<\/a><\/li>\n<li><a href=\"https:\/\/2013.wroclaw.wordcamp.org\/konkurs\/regulamin\">Regulamin<\/a><\/li>\n<\/ul>\n<\/li>\n<li><a href=\"https:\/\/2013.wroclaw.wordcamp.org\/konkurs#nagrody\">Nagrody<\/a><\/li>\n<li><a href=\"https:\/\/2013.wroclaw.wordcamp.org\/konkurs#terminy\">Terminy<\/a><\/li>\n<li><a href=\"https:\/\/2013.wroclaw.wordcamp.org\/konkurs#kryteria\">Co b\u0119dzie oceniane<\/a><\/li>\n<li><a href=\"https:\/\/2013.wroclaw.wordcamp.org\/konkurs#kody\">Kody dost\u0119powe<\/a><\/li>\n<\/ul>\n<\/div>\n<p>Za\u0142\u00f3\u017c lub przenie\u015b w chmur\u0119 Microsoft dowoln\u0105 stron\u0119 dzia\u0142aj\u0105c\u0105 na WordPressie i wygraj <strong>laptopa<\/strong>!<\/p>\n<h2 id=\"przedmiot\">Przedmiot konkursu:<\/h2>\n<p>Pojedyncza strona lub witryna uruchomiona w czasie trwania konkursu na dowolnej wersji subskrypcji <a href=\"http:\/\/www.windowsazure.com\/pl-pl\/\">Azure (us\u0142uga Windows Azure Web Sites)<\/a>.<\/p>\n<p>Mo\u017ce to by\u0107 zar\u00f3wno zupe\u0142nie nowa strona jak i strona ju\u017c wcze\u015bniej istniej\u0105ca, kt\u00f3ra zostanie przeniesiona w chmur\u0119 i b\u0119dzie nawi\u0105zywa\u0107 do motywu przewodniego konkursu.<\/p>\n<h2 id=\"motyw\">Motyw przewodni konkursu: &#8222;Zr\u00f3bmy to inaczej&#8221;<\/h2>\n<p>Strona, zg\u0142aszana do konkursu powinna nawi\u0105zywa\u0107 do has\u0142a przewodniego konkursu &#8222;Zr\u00f3bmy to inaczej&#8221;. Czyli stawiamy na niestandardowe podej\u015bcie, niesztampowe pomys\u0142y, innowacyjne idee.<\/p>\n<p><a href=\"https:\/\/2013.wroclaw.wordcamp.org\/przyklady\">Zobacz przyk\u0142ady &raquo;<\/a><\/p>\n<h2 id=\"wymagania\">Wymagania i zasady og\u00f3lne:<\/h2>\n<ol>\n<li>Zg\u0142oszona do konkursu witryna musi by\u0107 opublikowana na platformie Microsoft Azure w dowolnym planie taryfowym (akceptowane s\u0105 tak\u017ce bezp\u0142atne subskrypcje pr\u00f3bne).<\/li>\n<li>Witryna musi zosta\u0107 zg\u0142oszona do konkursu z u\u017cyciem <a href=\"https:\/\/2013.wroclaw.wordcamp.org\/konkurs\/zgloszenia\/\">formularza<\/a> na stronie organizatora<\/li>\n<li>Uczestnik podczas zg\u0142aszania witryny powinien poda\u0107 uzasadnienie, w jaki spos\u00f3b jego strona nawi\u0105zuje do has\u0142a przewodniego konkursu &#8222;Zr\u00f3bmy to inaczej&#8221;.<\/li>\n<li>Ka\u017cdy uczestnik konkursu mo\u017ce zg\u0142osi\u0107 nie wi\u0119cej ni\u017c 3 witryny do oceny.<\/li>\n<li>Musz\u0105 to by\u0107 witryny nale\u017c\u0105ce do uczestnika (szczeg\u00f3\u0142owe okre\u015blenie w <a href=\"https:\/\/2013.wroclaw.wordcamp.org\/konkurs\/regulamin\/\">regulaminie<\/a>)<\/li>\n<li>Ka\u017cda zg\u0142oszona witryna podlega wst\u0119pnej ocenie w ci\u0105gu 2 dni roboczych od zg\u0142oszenia. Uczestnik otrzymuje potwierdzenie przyj\u0119cia zg\u0142oszenia do konkursu via email.<\/li>\n<li>Strony odrzucone nie podlegaj\u0105 \u201ezamianie\u201d \u2013 zmniejszaj\u0105 limit 3 zg\u0142osze\u0144 na uczestnika.<\/li>\n<\/ol>\n<h3 id=\"zgloszenia\">Zg\u0142oszenia<\/h3>\n<p>Witryn\u0119 (witryny) zg\u0142aszamy za pomoc\u0105 <a href=\"https:\/\/2013.wroclaw.wordcamp.org\/konkurs\/zgloszenia\/\">formularza.<\/a><\/p>\n<h3 id=\"faq\">FAQ<\/h3>\n<p>Na <a href=\"https:\/\/2013.wroclaw.wordcamp.org\/konkurs\/faq\/\">tej stronie<\/a> znajdziesz odpowiedzi na najcz\u0119\u015bciej zadawane pytania. Gdy co\u015b jest nadal dla Ciebie niejasne, b\u0119dziesz m\u00f3g\u0142 zada\u0107 w\u0142asne pytanie.<\/p>\n<h3 id=\"regulamin\">Regulamin<\/h3>\n<p>Wszystkich uczestnik\u00f3w konkursu prosimy zapozna\u0107 si\u0119 z <a href=\"https:\/\/2013.wroclaw.wordcamp.org\/konkurs\/regulamin\/\">regulaminem &raquo;<\/a>.<\/p>\n<h2 id=\"nagrody\">Nagrody<\/h2>\n<p>A oto nagrody ufundowane przez sponsora konkursu, firm\u0119 Microsoft. Jest o co walczy\u0107:<\/p>\n<ul>\n<li>Nagroda g\u0142\u00f3wna: notebook Acer Aspire E1-571G-73638G75 SSD 256GB<\/li>\n<li>Nokia Lumia 925 Grey<\/li>\n<li>Microsoft Wired Desktop 600 x 3<\/li>\n<li>Microsoft Wireless Mobile Mouse 1000 x 4<\/li>\n<\/ul>\n<h3>Premia dla stawiaj\u0105cych na Brandoo WordPress. <\/h3>\n<p>W\u015br\u00f3d zg\u0142osze\u0144 wykorzystuj\u0105cych wersj\u0119 <a href=\"http:\/\/www.microsoft.com\/web\/gallery\/brandoowordpressmssql.aspx\">Brandoo WordPress<\/a> dodatkowo nagrodzimy jedn\u0105 z witryn. Wyb\u00f3r Brandoo WordPress nie jest obowi\u0105zkowy, ale zg\u0142aszaj\u0105c do konkursu witryn\u0119 opart\u0105 o Brandoo WordPress, Twoje szanse na zdobycie nagrody rosn\u0105. <\/p>\n<p>Je\u015bli nie chcesz rezygnowa\u0107 z wykorzystania standardowej wersji WordPress, mo\u017cesz zatem rozwa\u017cy\u0107 zg\u0142oszenie do konkursu dw\u00f3ch\/trzech witryn i jedn\u0105 z nich oprze\u0107 o Brandoo WordPress. Je\u015bli nie uda Ci si\u0119 wygra\u0107 nagrody g\u0142\u00f3wnej (do kt\u00f3rej startuj\u0105 wszystkie zg\u0142oszone witryny), zostaje szansa na nagrod\u0119 przydzielan\u0105 tylko w\u015br\u00f3d kandydat\u00f3w opartych o Brandoo WordPress.<\/p>\n<p>O tym, czym si\u0119 r\u00f3\u017cni wersja <a href=\"http:\/\/www.microsoft.com\/web\/gallery\/brandoowordpressmssql.aspx\">Brandoo WordPress<\/a> od <a href=\"http:\/\/www.microsoft.com\/web\/gallery\/wordpress.aspx\/\">standardowej wersji WordPress<\/a> przeczytasz w <a href=\"https:\/\/2013.wroclaw.wordcamp.org\/konkurs\/faq#wordpress-brandoo\">FAQ<\/a>.<\/p>\n<h2 id=\"terminy\">Terminy<\/h2>\n<p>Termin zg\u0142osze\u0144 up\u0142ywa 05.01.2014 r.<\/p>\n<p>Og\u0142oszenie wynik\u00f3w konkursu nast\u0105pi 10.01.2014:<\/p>\n<ul>\n<li>Na stronie WordCamp Wroc\u0142aw<\/li>\n<li>Na facebooku na fanpagu <a href=\"https:\/\/www.facebook.com\/WordPressWroclaw\">WordPress Wroc\u0142aw<\/a><\/li>\n<\/ul>\n<h2 id=\"kryteria\">Co b\u0119dzie oceniane<\/h2>\n<p>Kryteria oceny:<\/p>\n<ul>\n<li><strong>Pomys\u0142.<\/strong> Stawiamy na ciekawe idee i kreatywno\u015b\u0107.<\/li>\n<li><strong>Realizacja pomys\u0142u.<\/strong> Funkcjonalno\u015b\u0107 i estetyka.<\/li>\n<\/ul>\n<h2 id=\"kody\">Kody do Azure<\/h2>\n<p>Dla uczestnik\u00f3w WordCampa, kt\u00f3rzy chc\u0105 wzi\u0105\u0107 udzia\u0142 w konkursie lecz nie posiadaj\u0105, lub nie chc\u0105 u\u017cy\u0107 karty kredytowej mamy kody dost\u0119powe do Azure. Prosimy wys\u0142anie maila na adres wroclaw@wordcamp.org, w odpowiedzi ode\u015blemy kod. Instrukcja u\u017cycia kod\u00f3w: <a href=\"https:\/\/2013.wroclaw.wordcamp.org\/files\/2013\/10\/Windows-Azure-Testy-Platformy.pdf\">Windows Azure &#8211; Testy Platformy<\/a>. Od momentu aktywacji kod jest wa\u017cny przez 30 dni.<\/p>\n","protected":false},"excerpt":{"rendered":"<p>Spis tre\u015bci Przedmiot konkursu Motyw przewodni Przyk\u0142ady Wymagania og\u00f3lne Zg\u0142oszenia FAQ Regulamin Nagrody Terminy Co b\u0119dzie oceniane Kody dost\u0119powe Za\u0142\u00f3\u017c lub przenie\u015b w chmur\u0119 Microsoft dowoln\u0105 stron\u0119 dzia\u0142aj\u0105c\u0105 na WordPressie i wygraj laptopa! Przedmiot konkursu: Pojedyncza strona lub witryna uruchomiona &hellip; <a href=\"https:\/\/wroclaw.wordcamp.org\/2013\/konkurs\/\">Czytaj dalej <span class=\"screen-reader-text\">Konkurs z nagrodami<\/span>  <span class=\"meta-nav\">&rarr;<\/span><\/a><\/p>\n","protected":false},"author":7318500,"featured_media":0,"parent":0,"menu_order":0,"comment_status":"open","ping_status":"open","template":"","meta":{"_crdt_document":"","jetpack_post_was_ever_published":false,"footnotes":""},"class_list":["post-420138","page","type-page","status-publish","hentry"],"jetpack_sharing_enabled":true,"_links":{"self":[{"href":"https:\/\/wroclaw.wordcamp.org\/2013\/wp-json\/wp\/v2\/pages\/420138","targetHints":{"allow":["GET"]}}],"collection":[{"href":"https:\/\/wroclaw.wordcamp.org\/2013\/wp-json\/wp\/v2\/pages"}],"about":[{"href":"https:\/\/wroclaw.wordcamp.org\/2013\/wp-json\/wp\/v2\/types\/page"}],"author":[{"embeddable":true,"href":"https:\/\/wroclaw.wordcamp.org\/2013\/wp-json\/wp\/v2\/users\/7318500"}],"replies":[{"embeddable":true,"href":"https:\/\/wroclaw.wordcamp.org\/2013\/wp-json\/wp\/v2\/comments?post=420138"}],"version-history":[{"count":99,"href":"https:\/\/wroclaw.wordcamp.org\/2013\/wp-json\/wp\/v2\/pages\/420138\/revisions"}],"predecessor-version":[{"id":616886,"href":"https:\/\/wroclaw.wordcamp.org\/2013\/wp-json\/wp\/v2\/pages\/420138\/revisions\/616886"}],"wp:attachment":[{"href":"https:\/\/wroclaw.wordcamp.org\/2013\/wp-json\/wp\/v2\/media?parent=420138"}],"curies":[{"name":"wp","href":"https:\/\/api.w.org\/{rel}","templated":true}]}}